*v - v - 438 = -s*f. Is v a composite number?
True
Let p be 1/((-4)/(-2))*8. Let a(f) = f**2 + 4*f - 5. Let u be a(-6). Suppose c = p*y + 18 + u, c = 2*y + 25. Is c prime?
False
Suppose 120 = -2*t + 4*t. Let f = t + 45. Suppose -p - 4*p + f = 0. Is p a composite number?
True
Let j(z) = z**2 - 6*z - 2. Is j(8) prime?
False
Is 1 - 0 - (-428)/2 prime?
False
Suppose 0 = 3*n - b - 14, 5*n - 2*n - 16 = 2*b. Suppose -n*h - 201 = -677. Is h prime?
False
Suppose 7*r = 9*r - 6. Suppose 4*c = -5*l + 399, r*l - c - 345 = -109. Is l prime?
True
Let k = 2247 - 1160. Is k a prime number?
True
Suppose 3*o - 5*w = 862, 5*o - 5*w - 1151 = o. Is o composite?
True
Let k(t) = -29*t + 2. Let z(f) = -87*f + 7. Let r = 7 - 4. Let w(g) = r*z(g) - 8*k(g). Is w(-4) composite?
True
Let g(s) = 56 - 28 - 29 + s + 84*s**2. Is g(2) composite?
False
Let b be 12/9*(-33)/(-2). Let q = 141 - b. Is q composite?
True
Let i(q) = -9*q + 2. Let v(d) = 28*d - 6. Let h(g) = -11*i(g) - 4*v(g). Is h(-9) a composite number?
True
Let v be (-4)/(-12)*18/3. Suppose -y + 325 = 2*c, -v*c + 37 = 3*y - 286. Is c prime?
True
Let j be (1 - 0) + (1 - -68). Let i = j + 63. Is i a composite number?
True
Let n = 3 - 1. Let u(b) = 7*b**3 + b**3 + b**2 + 1 - 3*b - 3*b**3. Is u(n) a composite number?
True
Suppose -26 = 5*a + w, -3*w + 22 = -3*a - 2*a. Let q(f) = f. Let x(d) = d + 4. Let y(t) = -3*q(t) + x(t). Is y(a) a prime number?
False
Let x = 4 + -4. Let c(l) = -l. Let r be c(x). Suppose 0 = -2*d + 3*w - 2*w + 8, r = 3*d + 5*w + 14. Is d prime?
True
Let r = 1856 + 217. Is r a prime number?
False
Let f(u) be the second derivative of u**4/12 + u**3 + 11*u**2/2 - 4*u. Is f(-10) a prime number?
False
Suppose 21*y + 2203 = 22*y. Is y prime?
True
Suppose 0*w - i = -3*w + 1, -2*i = 5*w - 20. Let o(k) = 83*k**2 - 3*k + 5. Is o(w) a composite number?
False
Suppose -6*t + 2*t + 3*k = -1634, -k + 812 = 2*t. Is t prime?
False
Suppose 6*p - y - 1602 = 2*p, 2015 = 5*p + 5*y. Is p composite?
False
Let c(s) be the second derivative of -s**5/4 + s**4/6 - s**3/2 - 3*s**2/2 + 7*s. Is c(-3) prime?
False
Is 8*3/132 + 372/11 prime?
False
Let h = -1675 - -1132. Let w = h + 1066. Is w a prime number?
True
Let y(q) = 39*q - 18. Is y(5) prime?
False
Suppose 5*r - a + 0*a = 110, -31 = -2*r + 3*a. Is r composite?
False
Suppose 3*j + 2*j + 10 = 5*a, 1 = -a + 4*j. Suppose 0*f + a*f = 105. Is f a prime number?
False
Let i(s) = 4*s**3 + s**2 - 2*s - 3. Let d be i(-3). Let t = d - -179. Is t composite?
False
Is 24582/15 + (-4)/(-20) composite?
True
Let q be (12/(-1 - 1))/(-2). Suppose 165 = q*g + 2*g. Is g a prime number?
False
Let g(r) be the third derivative of r**5/60 + r**4/24 + 13*r**3/6 - 2*r**2. Let p = -7 + 7. Is g(p) prime?
True
Suppose -4*s = -5*a + 2697, -3*s + 1197 = 2*a + 109. Is a a composite number?
False
Is -4*((-1341)/(-4))/(-9) a prime number?
True
Let l(x) = 2*x**2 + 12*x - 9. Is l(-8) a composite number?
False
Let a be (4/6)/((-6)/(-27)). Let t(i) = 4*i**3 + i**2 + 2*i - 2. Is t(a) a prime number?
False
Let j(a) = 84*a + 53. Is j(12) composite?
False
Let m(v) = -128*v + 7. Is m(-8) composite?
False
Let g(f) = -f**3 + f**2 - f - 1. Let h be -1*(0 + (-1)/(-1)). Let a be g(h). Suppose -x - a*x = -561. Is x composite?
True
Suppose -1 = n - 3*p - 21, -5*p = n + 20. Let m = n - -8. Is m a composite number?
False
Suppose -u = 2*u - 6657. Is (u/(-14))/((-1)/2) composite?
False
Suppose x + 0*x = 166. Let q be (-2)/3 - x/(-6). Suppose -q = -i - y - 7, 2*i = 4*y + 10. Is i a composite number?
True
Suppose -328 = 3*o + 4*z - 0*z, -2*o - z = 212. Let m(y) = 9*y - 5. Let j be m(22). Let i = j + o. Is i composite?
False
Suppose 4*r + 4 = 3*c - 12, 4 = c. Is ((-85)/(-10))/(r/(-10)) composite?
True
Let l(f) be the third derivative of -f**6/120 + 3*f**5/20 + 13*f**4/24 - 4*f**3/3 + f**2. Is l(10) composite?
True
Is 534/3*5/10 a composite number?
False
Let w(f) = -3*f - 2 + 4 - f**2 - 2*f**3 - 5 + 3*f**3. Let j be w(3). Is 214/1 + (-18)/j a prime number?
True
Let o = -3 - -8. Suppose l - 3*d = -7, -6 = o*d - 21. Is 49 + l*(-3)/(-3) a composite number?
True
Suppose -5*r - 1739 = -5*q - 314, -2*r - 1144 = -4*q. Let i = q + 12. Is i a composite number?
True
Let y = 1164 - 271. Is y prime?
False
Let g(w) = 4*w**3 - 10*w**2 + 10*w + 16. Let c(l) = 9*l**3 - 19*l**2 + 19*l + 33. Let b(s) = 3*c(s) - 7*g(s). Let k be 15/(-1*9/(-6)). Is b(k) a prime number?
True
Let l be (-5 - 3)/((-2)/1). Suppose l*s = 34 + 150. Is s a composite number?
True
Let n(c) = -c - 395. Let p be n(0). Let h = p + 612. Is h a composite number?
True
Let k(q) = -9*q**3 + q**2 - 2*q - 2. Let l be k(-2). Suppose 2*u = -u + l. Is u a prime number?
False
Suppose 2*b + 108 = 5*b. Suppose 3*a = -a + b. Suppose -3*k - a = -6*k. Is k a composite number?
False
Let g = 1297 - 666. Is g prime?
True
Let a = -1 - -2. Suppose -m + 4 = 0, -h + 11 = -m + a. Is h composite?
True
Let h(k) = -3*k**3 - 4*k**2 - 4*k + 1. Let v be h(-4). Suppose 3*g - v = 254. Is g a prime number?
False
Let b(a) = -a**2 + 4*a - 1. Let w = 3 + 0. Let j be b(w). Suppose 0 = -3*i + 4*i, -5*d + 745 = -j*i. Is d a composite number?
False
Let m(y) = y**3 + 9*y**2 - 15*y + 8. Is m(-7) a prime number?
True
Let i = 2 + 2. Suppose -d + 85 = 3*h, -i*d + 3*h + 314 = 2*h. Is d a composite number?
False
Let s = 3 - 7. Let r be s/(-22) + 265/55. Let w = r + 5. Is w prime?
False
Suppose 5*i = 4*i. Let h be (-2 - -2) + (0 - 1). Is (-1 - i)/(h/53) prime?
True
Suppose 22 + 5 = -3*d. Let b be 1/(-3)*1*d. Let g(k) = k**3 - 2*k**2 - k + 4. Is g(b) prime?
False
Let h(a) = 13*a**2 + 1. Let c(d) = 12*d**2 + 1. Let u(f) = 7*c(f) - 6*h(f). Is u(1) prime?
True
Let a(o) = 6*o**2 + 2*o - 5. Is a(-3) composite?
False
Suppose -19 - 7 = -y. Is y a prime number?
False
Let v be (-1)/2 - 26/(-4). Let y(g) = 5*g**2 - 10*g - 2. Is y(v) a composite number?
True
Let r = -2 + 7. Let x = 12 - r. Is 3 - (x + -3) - -54 a composite number?
False
Suppose -5 = 3*a - 17. Suppose -2*y = -0*c + a*c, 0 = -2*y + 5*c + 27. Is y prime?
False
Let c = 440 - -195. Is c a composite number?
True
Is -3*4/(48/(-76)) a composite number?
False
Let z(m) = -5*m**3 - 6*m**2 - 4*m + 1. Let b(j) = -14*j**3 - 18*j**2 - 11*j + 3. Suppose 15 = 5*u - 0. Let p(o) = u*b(o) - 8*z(o). Is p(-4) a composite number?
False
Let h(x) = -x - 4. Let n be h(-4). Let l = n - -5. Suppose 9 + 4 = 3*k + 4*a, -l*k + 31 = 2*a. Is k a composite number?
False
Let j = 10 - 6. Suppose 0 = j*y - 262 - 318. Let t = -92 + y. Is t composite?
False
Let n = -2834 + 5903. Is (4/(-6))/((-6)/n) composite?
True
Let m(x) = -1 + 10*x - 11*x - 17*x. Is m(-2) a prime number?
False
Suppose y - 6*y = -2605. Let c = -270 + y. Is c composite?
False
Let l = 1542 + -781. Is l prime?
True
Suppose -5*d + 38 = -22. Is 1 + (3 + d - 2) composite?
True
Suppose 4*d = -d + 955. Is d a prime number?
True
Suppose -2*i + 3 - 5 = 2*q, 0 = 2*q - 5*i - 26. Suppose -z = -q*z - 12. Is (20/z)/((-2)/15) composite?
True
Let i(k) = 39*k**3 + 6*k**2 - 6*k - 2. Is i(3) prime?
True
Suppose 11*j - 9*j - 2518 = 0. Is j a composite number?
False
Let c = 30 + 2. Suppose 3*f + 21 = -3*b - 45, 4*f - 3*b + 67 = 0. Let k = f + c. Is k composite?
False
Let m be (-2 + 0)/(8/(-60)). Is (-10)/m + (-173)/(-3) a composite number?
True
Is -2 + 3 + -1 - -2237 a prime number?
True
Let d(u) = -1 + 0*u**3 - u**3 + 4*u**3. Suppose -4*j = -8 - 0. Is d(j) prime?
True
Let z(k) = -4*k - 29. Is z(-15) prime?
True
Let a(h) = -h**3 - 7*h**2 + 10*h + 9. Let v be a(-8). Let z = -8 - v. Is (74/(-6))/(z/3) prime?
True
Suppose 0 = 4*v + 123 + 9. Let t = 56 - v. Is t a prime number?
True
Suppose -9*t = -1508 - 14647. Is t prime?
False
Suppose -v - 2*a = -4*a - 247, -v - 5*a = -240. Let s = v + -165. Let b = 119 - s. Is b prime?
False
Let u = 28 - 23. Suppose -u*s = q + 2*q - 572, -s = 2*q - 393. Is q a prime number?
True
Let t = 35 + 2. Is t a prime number?
True
Let o(f) = -496*f - 15. Is o(-7) a composite number?
False
Let r = 617 + 2600. Is r composite?
False
Suppose 0 = 4*w + 12 - 36. Let a = w + -7. Is 6 - (1/1)/a composite?
False
Suppose -c - 180 = 100. Is -1 - (c - 2)/3 a prime number?
False
Is (-6 - 1108)/(-2 + 0) a prime number?
True
Let l = -7 + 9. Suppose -t = -3*s - l*s + 180, 5*s - 3*t - 170 = 0. Is s prime?
True
Let n be (-2)/(-4) + 8/(-16). Let j(q) = -q*